 of 11072240?
0
What is the hundred thousands digit of 957869?
9
What is the thousands digit of 3274198?
4
What is the units digit of 286108?
8
What is the tens digit of 17164583?
8
What is the thousands digit of 28041191?
1
What is the thousands digit of 4012273?
2
What is the hundreds digit of 7449261?
2
What is the hundred thousands digit of 2094411?
0
What is the ten thousands digit of 1638108?
3
What is the ten thousands digit of 5194725?
9
What is the hundred thousands digit of 3842401?
8
What is the thousands digit of 5649637?
9
What is the tens digit of 11825487?
8
What is the hundred thousands digit of 886787?
8
What is the tens digit of 142004?
0
What is the thousands digit of 1822370?
2
What is the millions digit of 5935312?
5
What is the ten thousands digit of 14556902?
5
What is the units digit of 427059?
9
What is the hundreds digit of 70079?
0
What is the thousands digit of 33654358?
4
What is the ten thousands digit of 26434947?
3
What is the units digit of 742160?
0
What is the tens digit of 6575578?
7
What is the tens digit of 3425348?
4
What is the hundreds digit of 714085?
0
What is the hundred thousands digit of 655745?
6
What is the tens digit of 14260140?
4
What is the tens digit of 4202209?
0
What is the hundreds digit of 6821397?
3
What is the hundred thousands digit of 4206542?
2
What is the ten thousands digit of 112488?
1
What is the tens digit of 1001661?
6
What is the ten thousands digit of 1786232?
8
What is the ten thousands digit of 17817962?
1
What is the tens digit of 1306864?
6
What is the ten millions digit of 36087855?
3
What is the ten thousands digit of 1985232?
8
What is the thousands digit of 1283033?
3
What is the units digit of 625466?
6
What is the hundred thousands digit of 3134088?
1
What is the hundreds digit of 277802?
8
What is the millions digit of 1041238?
1
What is the hundred thousands digit of 272739?
2
What is the hundreds digit of 803303?
3
What is the hundred thousands digit of 7599107?
5
What is the millions digit of 1072652?
1
What is the ten thousands digit of 157995?
5
What is the hundreds digit of 199166?
1
What is the hundred thousands digit of 420743?
4
What is the tens digit of 6033191?
9
What is the thousands digit of 35825?
5
What is the thousands digit of 3027104?
7
What is the tens digit of 7695464?
6
What is the hundreds digit of 783750?
7
What is the hundred thousands digit of 221460?
2
What is the hundreds digit of 10437085?
0
What is the tens digit of 1144862?
6
What is the units digit of 9197453?
3
What is the units digit of 7529?
9
What is the ten thousands digit of 243738?
4
What is the tens digit of 13640099?
9
What is the hundred thousands digit of 2185192?
1
What is the thousands digit of 13614455?
4
What is the thousands digit of 789265?
9
What is the hundreds digit of 3216720?
7
What is the tens digit of 3307586?
8
What is the thousands digit of 149329?
9
What is the ten thousands digit of 18492774?
9
What is the units digit of 1236547?
7
What is the tens digit of 4223558?
5
What is the ten thousands digit of 22745900?
4
What is the hundred thousands digit of 334154?
3
What is the hundred thousands digit of 1819098?
8
What is the hundreds digit of 1298150?
1
What is the thousands digit of 3141727?
1
What is the units digit of 64631?
1
What is the thousands digit of 2270577?
0
What is the ten thousands digit of 6531263?
3
What is the hundreds digit of 515774?
7
What is the hundreds digit of 3993330?
3
What is the tens digit of 9582279?
7
What is the thousands digit of 1120378?
0
What is the ten thousands digit of 15674751?
7
What is the hundreds digit of 3386150?
1
What is the thousands digit of 78735?
8
What is the millions digit of 1551380?
1
What is the thousands digit of 1737144?
7
What is the tens digit of 374335?
3
What is the millions digit of 31406671?
1
What is the units digit of 256906?
6
What is the hundreds digit of 5607?
6
What is the ten thousands digit of 247206?
4
What is the units digit of 750367?
7
What is the ten thousands digit of 8761013?
6
What is the hundred thousands digit of 3862696?
8
What is the tens digit of 1145678?
7
What is the tens digit of 2324594?
9
What is the ten thousands digit of 638208?
3
What is the hundred thousands digit of 300145?
3
What is the units digit of 5151207?
7
What is the hundred thousands digit of 1083892?
0
What is the hundred thousands digit of 698471?
6
What is the thousands digit of 501410?
1
What is the tens digit of 647448?
4
What is the hundreds digit of 56927?
9
What is the hundreds digit of 119185?
1
What is the tens digit of 8788453?
5
What is the ten millions digit of 13490141?
1
What is the tens digit of 4321314?
1
What is the units digit of 34499928?
8
What is the ten thousands digit of 163221?
6
What is the thousands digit of 22877625?
7
What is the millions digit of 15240689?
5
What is the hundreds digit of 470431?
4
What is the units digit of 321058?
8
What is the tens digit of 362374?
7
What is the ten thousands digit of 6309322?
0
What is the ten thousands digit of 9403234?
0
What is the tens digit of 6964609?
0
What is the thousands digit of 3452823?
2
What is the tens digit of 1502566?
6
What is the ten thousands digit of 4355105?
5
What is the hundred thousands digit of 1686888?
6
What is the hundred thousands digit of 212896?
2
What is the ten thousands digit of 3983798?
8
What is the hundreds digit of 11422992?
9
What is the thousands digit of 1051664?
1
What is the ten thousands digit of 138486?
3
What is the units digit of 1298030?
0
What is the millions digit of 10706706?
0
What is the hundreds digit of 515894?
8
What is the millions digit of 1217128?
1
What is the hundreds digit of 149354?
3
What is the units digit of 20538529?
9
What is the ten thousands digit of 9700125?
0
What is the units digit of 2936010?
0
What is the tens digit of 8131630?
3
What is the hundred thousands digit of 1884283?
8
What is the units digit of 203221?
1
What is the ten thousands digit of 4564065?
6
What is the hundred thousands digit of 9195625?
1
What is the hundreds digit of 257287?
2
What is the thousands digit of 3510402?
0
What is the ten thousands digit of 28693297?
9
What is the units digit of 2010464?
4
What is the hundreds digit of 1232225?
2
What is the ten thousands digit of 7021499?
2
What is the ten millions digit of 12607664?
1
What is the hundreds digit of 46190?
1
What is the millions digit of 2956495?
2
What is the hundreds digit of 1690059?
0
What is the millions digit of 9118870?
9
What is the hundred thousands digit of 3404293?
4
What is the ten thousands digit of 85019?
8
What is the ten thousands digit of 40089?
4
What is the thousands digit of 34746?
4
What is the hundred thousands digit of 11350136?
3
What is the tens digit of 1878817?
1
What is the hundred thousands digit of 9610779?
6
What is the hundred thousands digit of 3845375?
8
What is the thousands digit of 1329479?
9
What is the hundreds digit of 299168?
1
What is the millions digit of 7033198?
7
What is the hundreds digit of 238459?
4
What is the ten thousands digit of 2854671?
5
What is the ten millions digit of 33885915?
3
What is the tens digit of 561130?
3
What is the tens digit of 1021689?
8
What is the hundreds digit of 121714?
7
What is the tens digit of 1407593?
9
What is the hundreds digit of 14415325?
3
What is the hundred thousands digit of 324875?
3
What is the hundreds digit of 88548?
5
What is the tens digit of 2471741?
4
What is the thousands digit of 121798?
1
What is the hundred thousands digit of 2667734?
6
What is the millions digit of 2521068?
2
What is the units digit of 239115?
5
What is the thousands digit of 437728?
7
What is the hundred thousands digit of 209302?
2
What is the hundreds digit of 18929880?
8
What is the tens digit of 3850664?
6
What is the tens digit of 385421?
2
What is the hundreds digit of 9954648?
6
What is the hundreds digit of 393881?
8
What is the hundreds digit of 10638511?
5
What is the millions digit of 7927438?
7
What is the ten thousands digit of 376530?
7
What is the hundred thousands digit of 800673?
8
What is the tens digit of 349038?
3
What is the thousands digit of 1038558?
8
What is the tens digit of 48776?
7
What is the tens digit of 1879078?
7
What is the 